{"id":2022,"date":"2025-07-18T10:49:28","date_gmt":"2025-07-18T09:49:28","guid":{"rendered":"https:\/\/casinhadaceu.pt\/?post_type=mphb_room_type&#038;p=2022"},"modified":"2025-07-22T09:58:54","modified_gmt":"2025-07-22T08:58:54","slug":"quarto-azul","status":"publish","type":"mphb_room_type","link":"https:\/\/casinhadaceu.pt\/eng\/accommodation\/quarto-azul\/","title":{"rendered":"Blue Room"},"content":{"rendered":"<div style=\"font-family: Poppins, sans-serif; font-size: 16px; line-height: 1.8; letter-spacing: 1px; color: #333; text-align: left;\">\n<ul style=\"list-style: none; padding-left: 0; margin-top: 15px;\">\n<li><strong style=\"font-family: hotel-resort;\">Maximum Capacity:<\/strong> 3 H\u00f3spedes<\/li>\n<li><strong style=\"font-family: hotel-resort;\">Bathroom:<\/strong> Private with Direct Access from the Room<\/li>\n<li><strong style=\"font-family: hotel-resort;\">Balcony<\/strong> 1<\/li>\n<li><strong style=\"font-family: hotel-resort;\">View:<\/strong> Panoramic view of the southern slope of Serra da Estrela<\/li>\n<li><strong style=\"font-family: hotel-resort;\">Atmosphere:<\/strong> Peaceful, family-friendly, and immersed in nature<\/li>\n<li><strong style=\"font-family: hotel-resort;\">Entry type:<\/strong> Physical key<\/li>\n<\/ul>\n<\/div>","protected":false},"excerpt":{"rendered":"<p>Capacidade M\u00e1xima: 3 H\u00f3spedes Casa de Banho: Privativa com Acesso Direto pelo Quarto Varanda: 1 Vista: Panor\u00e2mica para a encosta sul da Serra da Estrela Ambiente: Calmo, familiar e imerso na natureza Tipo de entrada: Chave f\u00edsica<\/p>","protected":false},"featured_media":0,"menu_order":0,"comment_status":"closed","ping_status":"closed","template":"235","mphb_room_type_category":[],"mphb_room_type_tag":[],"mphb_room_type_facility":[42,41,39],"class_list":["post-2022","mphb_room_type","type-mphb_room_type","status-publish","hentry","mphb_room_type_facility-1-cama-individual-e-1-cama-de-casal","mphb_room_type_facility-1-varanda","mphb_room_type_facility-casa-de-banho-privativa-no-interior-do-quarto","mphb-room-type-adults-3","mphb-room-type-children-0",""],"yoast_head":"<!-- This site is optimized with the Yoast SEO plugin v27.4 - https:\/\/yoast.com\/product\/yoast-seo-wordpress\/ -->\n<title>Quarto Azul - Casinha da C\u00e9u<\/title>\n<meta name=\"robots\" content=\"index, follow, max-snippet:-1, max-image-preview:large, max-video-preview:-1\" \/>\n<link rel=\"canonical\" href=\"https:\/\/casinhadaceu.pt\/eng\/accommodation\/quarto-azul\/\" \/>\n<meta property=\"og:locale\" content=\"en_GB\" \/>\n<meta property=\"og:type\" content=\"article\" \/>\n<meta property=\"og:title\" content=\"Quarto Azul - Casinha da C\u00e9u\" \/>\n<meta property=\"og:description\" content=\"Capacidade M\u00e1xima: 3 H\u00f3spedes Casa de Banho: Privativa com Acesso Direto pelo Quarto Varanda: 1 Vista: Panor\u00e2mica para a encosta sul da Serra da Estrela Ambiente: Calmo, familiar e imerso na natureza Tipo de entrada: Chave f\u00edsica\" \/>\n<meta property=\"og:url\" content=\"https:\/\/casinhadaceu.pt\/eng\/accommodation\/quarto-azul\/\" \/>\n<meta property=\"og:site_name\" content=\"Casinha da C\u00e9u\" \/>\n<meta property=\"article:publisher\" content=\"https:\/\/www.facebook.com\/casinhadaceu.pt\" \/>\n<meta property=\"article:modified_time\" content=\"2025-07-22T08:58:54+00:00\" \/>\n<meta name=\"twitter:card\" content=\"summary_large_image\" \/>\n<script type=\"application\/ld+json\" class=\"yoast-schema-graph\">{\"@context\":\"https:\\\/\\\/schema.org\",\"@graph\":[{\"@type\":\"WebPage\",\"@id\":\"https:\\\/\\\/casinhadaceu.pt\\\/accommodation\\\/quarto-azul\\\/\",\"url\":\"https:\\\/\\\/casinhadaceu.pt\\\/accommodation\\\/quarto-azul\\\/\",\"name\":\"Quarto Azul - Casinha da C\u00e9u\",\"isPartOf\":{\"@id\":\"https:\\\/\\\/casinhadaceu.pt\\\/#website\"},\"datePublished\":\"2025-07-18T09:49:28+00:00\",\"dateModified\":\"2025-07-22T08:58:54+00:00\",\"breadcrumb\":{\"@id\":\"https:\\\/\\\/casinhadaceu.pt\\\/accommodation\\\/quarto-azul\\\/#breadcrumb\"},\"inLanguage\":\"en-GB\",\"potentialAction\":[{\"@type\":\"ReadAction\",\"target\":[\"https:\\\/\\\/casinhadaceu.pt\\\/accommodation\\\/quarto-azul\\\/\"]}]},{\"@type\":\"BreadcrumbList\",\"@id\":\"https:\\\/\\\/casinhadaceu.pt\\\/accommodation\\\/quarto-azul\\\/#breadcrumb\",\"itemListElement\":[{\"@type\":\"ListItem\",\"position\":1,\"name\":\"In\u00edcio\",\"item\":\"https:\\\/\\\/casinhadaceu.pt\\\/\"},{\"@type\":\"ListItem\",\"position\":2,\"name\":\"Tipos de Alojamento\",\"item\":\"https:\\\/\\\/casinhadaceu.pt\\\/accommodation\\\/\"},{\"@type\":\"ListItem\",\"position\":3,\"name\":\"Quarto Azul\"}]},{\"@type\":\"WebSite\",\"@id\":\"https:\\\/\\\/casinhadaceu.pt\\\/#website\",\"url\":\"https:\\\/\\\/casinhadaceu.pt\\\/\",\"name\":\"Casinha da C\u00e9u\",\"description\":\"Alojamento Local\",\"publisher\":{\"@id\":\"https:\\\/\\\/casinhadaceu.pt\\\/#organization\"},\"potentialAction\":[{\"@type\":\"SearchAction\",\"target\":{\"@type\":\"EntryPoint\",\"urlTemplate\":\"https:\\\/\\\/casinhadaceu.pt\\\/?s={search_term_string}\"},\"query-input\":{\"@type\":\"PropertyValueSpecification\",\"valueRequired\":true,\"valueName\":\"search_term_string\"}}],\"inLanguage\":\"en-GB\"},{\"@type\":\"Organization\",\"@id\":\"https:\\\/\\\/casinhadaceu.pt\\\/#organization\",\"name\":\"Casinha da C\u00e9u\",\"url\":\"https:\\\/\\\/casinhadaceu.pt\\\/\",\"logo\":{\"@type\":\"ImageObject\",\"inLanguage\":\"en-GB\",\"@id\":\"https:\\\/\\\/casinhadaceu.pt\\\/#\\\/schema\\\/logo\\\/image\\\/\",\"url\":\"https:\\\/\\\/casinhadaceu.pt\\\/wp-content\\\/uploads\\\/2025\\\/07\\\/Casinha-da-Ceu.svg\",\"contentUrl\":\"https:\\\/\\\/casinhadaceu.pt\\\/wp-content\\\/uploads\\\/2025\\\/07\\\/Casinha-da-Ceu.svg\",\"width\":1012,\"height\":625,\"caption\":\"Casinha da C\u00e9u\"},\"image\":{\"@id\":\"https:\\\/\\\/casinhadaceu.pt\\\/#\\\/schema\\\/logo\\\/image\\\/\"},\"sameAs\":[\"https:\\\/\\\/www.facebook.com\\\/casinhadaceu.pt\",\"https:\\\/\\\/www.instagram.com\\\/casinhadaceu.pt\"]}]}<\/script>\n<!-- \/ Yoast SEO plugin. -->","yoast_head_json":{"title":"Quarto Azul - Casinha da C\u00e9u","robots":{"index":"index","follow":"follow","max-snippet":"max-snippet:-1","max-image-preview":"max-image-preview:large","max-video-preview":"max-video-preview:-1"},"canonical":"https:\/\/casinhadaceu.pt\/eng\/accommodation\/quarto-azul\/","og_locale":"en_GB","og_type":"article","og_title":"Quarto Azul - Casinha da C\u00e9u","og_description":"Capacidade M\u00e1xima: 3 H\u00f3spedes Casa de Banho: Privativa com Acesso Direto pelo Quarto Varanda: 1 Vista: Panor\u00e2mica para a encosta sul da Serra da Estrela Ambiente: Calmo, familiar e imerso na natureza Tipo de entrada: Chave f\u00edsica","og_url":"https:\/\/casinhadaceu.pt\/eng\/accommodation\/quarto-azul\/","og_site_name":"Casinha da C\u00e9u","article_publisher":"https:\/\/www.facebook.com\/casinhadaceu.pt","article_modified_time":"2025-07-22T08:58:54+00:00","twitter_card":"summary_large_image","schema":{"@context":"https:\/\/schema.org","@graph":[{"@type":"WebPage","@id":"https:\/\/casinhadaceu.pt\/accommodation\/quarto-azul\/","url":"https:\/\/casinhadaceu.pt\/accommodation\/quarto-azul\/","name":"Quarto Azul - Casinha da C\u00e9u","isPartOf":{"@id":"https:\/\/casinhadaceu.pt\/#website"},"datePublished":"2025-07-18T09:49:28+00:00","dateModified":"2025-07-22T08:58:54+00:00","breadcrumb":{"@id":"https:\/\/casinhadaceu.pt\/accommodation\/quarto-azul\/#breadcrumb"},"inLanguage":"en-GB","potentialAction":[{"@type":"ReadAction","target":["https:\/\/casinhadaceu.pt\/accommodation\/quarto-azul\/"]}]},{"@type":"BreadcrumbList","@id":"https:\/\/casinhadaceu.pt\/accommodation\/quarto-azul\/#breadcrumb","itemListElement":[{"@type":"ListItem","position":1,"name":"In\u00edcio","item":"https:\/\/casinhadaceu.pt\/"},{"@type":"ListItem","position":2,"name":"Tipos de Alojamento","item":"https:\/\/casinhadaceu.pt\/accommodation\/"},{"@type":"ListItem","position":3,"name":"Quarto Azul"}]},{"@type":"WebSite","@id":"https:\/\/casinhadaceu.pt\/#website","url":"https:\/\/casinhadaceu.pt\/","name":"Casinha da C\u00e9u","description":"Alojamento Local","publisher":{"@id":"https:\/\/casinhadaceu.pt\/#organization"},"potentialAction":[{"@type":"SearchAction","target":{"@type":"EntryPoint","urlTemplate":"https:\/\/casinhadaceu.pt\/?s={search_term_string}"},"query-input":{"@type":"PropertyValueSpecification","valueRequired":true,"valueName":"search_term_string"}}],"inLanguage":"en-GB"},{"@type":"Organization","@id":"https:\/\/casinhadaceu.pt\/#organization","name":"Casinha da C\u00e9u","url":"https:\/\/casinhadaceu.pt\/","logo":{"@type":"ImageObject","inLanguage":"en-GB","@id":"https:\/\/casinhadaceu.pt\/#\/schema\/logo\/image\/","url":"https:\/\/casinhadaceu.pt\/wp-content\/uploads\/2025\/07\/Casinha-da-Ceu.svg","contentUrl":"https:\/\/casinhadaceu.pt\/wp-content\/uploads\/2025\/07\/Casinha-da-Ceu.svg","width":1012,"height":625,"caption":"Casinha da C\u00e9u"},"image":{"@id":"https:\/\/casinhadaceu.pt\/#\/schema\/logo\/image\/"},"sameAs":["https:\/\/www.facebook.com\/casinhadaceu.pt","https:\/\/www.instagram.com\/casinhadaceu.pt"]}]}},"_links":{"self":[{"href":"https:\/\/casinhadaceu.pt\/eng\/wp-json\/wp\/v2\/mphb_room_type\/2022","targetHints":{"allow":["GET"]}}],"collection":[{"href":"https:\/\/casinhadaceu.pt\/eng\/wp-json\/wp\/v2\/mphb_room_type"}],"about":[{"href":"https:\/\/casinhadaceu.pt\/eng\/wp-json\/wp\/v2\/types\/mphb_room_type"}],"replies":[{"embeddable":true,"href":"https:\/\/casinhadaceu.pt\/eng\/wp-json\/wp\/v2\/comments?post=2022"}],"wp:attachment":[{"href":"https:\/\/casinhadaceu.pt\/eng\/wp-json\/wp\/v2\/media?parent=2022"}],"wp:term":[{"taxonomy":"mphb_room_type_category","embeddable":true,"href":"https:\/\/casinhadaceu.pt\/eng\/wp-json\/wp\/v2\/mphb_room_type_category?post=2022"},{"taxonomy":"mphb_room_type_tag","embeddable":true,"href":"https:\/\/casinhadaceu.pt\/eng\/wp-json\/wp\/v2\/mphb_room_type_tag?post=2022"},{"taxonomy":"mphb_room_type_facility","embeddable":true,"href":"https:\/\/casinhadaceu.pt\/eng\/wp-json\/wp\/v2\/mphb_room_type_facility?post=2022"}],"curies":[{"name":"wp","href":"https:\/\/api.w.org\/{rel}","templated":true}]}}

<div style="font-family: Poppins, sans-serif; font-size: 16px; line-height: 1.8; letter-spacing: 1px; color: #333; text-align: left;">
<ul style="list-style: none; padding-left: 0; margin-top: 15px;">
<li><strong style="font-family: hotel-resort;">Maximum Capacity:</strong> 3 Hóspedes</li>
<li><strong style="font-family: hotel-resort;">Bathroom:</strong> Private with Direct Access from the Room</li>
<li><strong style="font-family: hotel-resort;">Balcony</strong> 1</li>
<li><strong style="font-family: hotel-resort;">View:</strong> Panoramic view of the southern slope of Serra da Estrela</li>
<li><strong style="font-family: hotel-resort;">Atmosphere:</strong> Peaceful, family-friendly, and immersed in nature</li>
<li><strong style="font-family: hotel-resort;">Entry type:</strong> Physical key</li>
</ul>
</div>

<p>Capacidade Máxima: 3 Hóspedes Casa de Banho: Privativa com Acesso Direto pelo Quarto Varanda: 1 Vista: Panorâmica para a encosta sul da Serra da Estrela Ambiente: Calmo, familiar e imerso na natureza Tipo de entrada: Chave física</p>

<!-- This site is optimized with the Yoast SEO plugin v27.4 - https://yoast.com/product/yoast-seo-wordpress/ -->
<title>Quarto Azul - Casinha da Céu</title>
<meta name="robots" content="index, follow, max-snippet:-1, max-image-preview:large, max-video-preview:-1" />
<link rel="canonical" href="https://casinhadaceu.pt/eng/accommodation/quarto-azul/" />
<meta property="og:locale" content="en_GB" />
<meta property="og:type" content="article" />
<meta property="og:title" content="Quarto Azul - Casinha da Céu" />
<meta property="og:description" content="Capacidade Máxima: 3 Hóspedes Casa de Banho: Privativa com Acesso Direto pelo Quarto Varanda: 1 Vista: Panorâmica para a encosta sul da Serra da Estrela Ambiente: Calmo, familiar e imerso na natureza Tipo de entrada: Chave física" />
<meta property="og:url" content="https://casinhadaceu.pt/eng/accommodation/quarto-azul/" />
<meta property="og:site_name" content="Casinha da Céu" />
<meta property="article:publisher" content="https://www.facebook.com/casinhadaceu.pt" />
<meta property="article:modified_time" content="2025-07-22T08:58:54+00:00" />
<meta name="twitter:card" content="summary_large_image" />
<script type="application/ld+json" class="yoast-schema-graph">{"@context":"https:\/\/schema.org","@graph":[{"@type":"WebPage","@id":"https:\/\/casinhadaceu.pt\/accommodation\/quarto-azul\/","url":"https:\/\/casinhadaceu.pt\/accommodation\/quarto-azul\/","name":"Quarto Azul - Casinha da Céu","isPartOf":{"@id":"https:\/\/casinhadaceu.pt\/#website"},"datePublished":"2025-07-18T09:49:28+00:00","dateModified":"2025-07-22T08:58:54+00:00","breadcrumb":{"@id":"https:\/\/casinhadaceu.pt\/accommodation\/quarto-azul\/#breadcrumb"},"inLanguage":"en-GB","potentialAction":[{"@type":"ReadAction","target":["https:\/\/casinhadaceu.pt\/accommodation\/quarto-azul\/"]}]},{"@type":"BreadcrumbList","@id":"https:\/\/casinhadaceu.pt\/accommodation\/quarto-azul\/#breadcrumb","itemListElement":[{"@type":"ListItem","position":1,"name":"Início","item":"https:\/\/casinhadaceu.pt\/"},{"@type":"ListItem","position":2,"name":"Tipos de Alojamento","item":"https:\/\/casinhadaceu.pt\/accommodation\/"},{"@type":"ListItem","position":3,"name":"Quarto Azul"}]},{"@type":"WebSite","@id":"https:\/\/casinhadaceu.pt\/#website","url":"https:\/\/casinhadaceu.pt\/","name":"Casinha da Céu","description":"Alojamento Local","publisher":{"@id":"https:\/\/casinhadaceu.pt\/#organization"},"potentialAction":[{"@type":"SearchAction","target":{"@type":"EntryPoint","urlTemplate":"https:\/\/casinhadaceu.pt\/?s={search_term_string}"},"query-input":{"@type":"PropertyValueSpecification","valueRequired":true,"valueName":"search_term_string"}}],"inLanguage":"en-GB"},{"@type":"Organization","@id":"https:\/\/casinhadaceu.pt\/#organization","name":"Casinha da Céu","url":"https:\/\/casinhadaceu.pt\/","logo":{"@type":"ImageObject","inLanguage":"en-GB","@id":"https:\/\/casinhadaceu.pt\/#\/schema\/logo\/image\/","url":"https:\/\/casinhadaceu.pt\/wp-content\/uploads\/2025\/07\/Casinha-da-Ceu.svg","contentUrl":"https:\/\/casinhadaceu.pt\/wp-content\/uploads\/2025\/07\/Casinha-da-Ceu.svg","width":1012,"height":625,"caption":"Casinha da Céu"},"image":{"@id":"https:\/\/casinhadaceu.pt\/#\/schema\/logo\/image\/"},"sameAs":["https:\/\/www.facebook.com\/casinhadaceu.pt","https:\/\/www.instagram.com\/casinhadaceu.pt"]}]}</script>
<!-- / Yoast SEO plugin. -->

Quarto Azul - Casinha da Céu

Capacidade Máxima: 3 Hóspedes Casa de Banho: Privativa com Acesso Direto pelo Quarto Varanda: 1 Vista: Panorâmica para a encosta sul da Serra da Estrela Ambiente: Calmo, familiar e imerso na natureza Tipo de entrada: Chave física

Casinha da Céu

Início
