{"id":2025,"date":"2025-07-18T18:25:48","date_gmt":"2025-07-18T17:25:48","guid":{"rendered":"https:\/\/casinhadaceu.pt\/?post_type=mphb_room_type&#038;p=2025"},"modified":"2025-07-22T09:57:21","modified_gmt":"2025-07-22T08:57:21","slug":"quarto-amarelo","status":"publish","type":"mphb_room_type","link":"https:\/\/casinhadaceu.pt\/fr\/accommodation\/quarto-amarelo\/","title":{"rendered":"Chambre Jaune"},"content":{"rendered":"<div style=\"font-family: Poppins, sans-serif; font-size: 16px; line-height: 1.8; letter-spacing: 1px; color: #333; text-align: left;\">\n<ul style=\"list-style: none; padding-left: 0; margin-top: 15px;\">\n<li><strong style=\"font-family: hotel-resort;\">Capacit\u00e9 maximale:<\/strong> 2 personnes<\/li>\n<li><strong style=\"font-family: hotel-resort;\">Salle de bain:<\/strong> Privative<\/li>\n<li><strong style=\"font-family: hotel-resort;\">Vue:<\/strong> Panoramique sur le versant sud de la Serra da Estrela<\/li>\n<li><strong style=\"font-family: hotel-resort;\">Ambiance:<\/strong> Calme, familiale et en pleine nature<\/li>\n<li><strong style=\"font-family: hotel-resort;\">Type d'entr\u00e9e:<\/strong> Cl\u00e9 physique<\/li>\n<\/ul>\n<\/div>","protected":false},"excerpt":{"rendered":"<p>Capacidade M\u00e1xima: 2 H\u00f3spedes Casa de Banho: Privativa Vista: Panor\u00e2mica para a encosta sul da Serra da Estrela Ambiente: Calmo, familiar e imerso na natureza Tipo de entrada: Chave f\u00edsica<\/p>","protected":false},"featured_media":0,"menu_order":0,"comment_status":"closed","ping_status":"closed","template":"235","mphb_room_type_category":[],"mphb_room_type_tag":[],"mphb_room_type_facility":[38,37],"class_list":["post-2025","mphb_room_type","type-mphb_room_type","status-publish","hentry","mphb_room_type_facility-1-cama-de-casal","mphb_room_type_facility-casa-de-banho-privativa-no-exterior-do-quarto","mphb-room-type-adults-2","mphb-room-type-children-0",""],"yoast_head":"<!-- This site is optimized with the Yoast SEO plugin v27.4 - https:\/\/yoast.com\/product\/yoast-seo-wordpress\/ -->\n<title>Quarto Amarelo - Casinha da C\u00e9u<\/title>\n<meta name=\"robots\" content=\"index, follow, max-snippet:-1, max-image-preview:large, max-video-preview:-1\" \/>\n<link rel=\"canonical\" href=\"https:\/\/casinhadaceu.pt\/fr\/accommodation\/quarto-amarelo\/\" \/>\n<meta property=\"og:locale\" content=\"fr_FR\" \/>\n<meta property=\"og:type\" content=\"article\" \/>\n<meta property=\"og:title\" content=\"Quarto Amarelo - Casinha da C\u00e9u\" \/>\n<meta property=\"og:description\" content=\"Capacidade M\u00e1xima: 2 H\u00f3spedes Casa de Banho: Privativa Vista: Panor\u00e2mica para a encosta sul da Serra da Estrela Ambiente: Calmo, familiar e imerso na natureza Tipo de entrada: Chave f\u00edsica\" \/>\n<meta property=\"og:url\" content=\"https:\/\/casinhadaceu.pt\/fr\/accommodation\/quarto-amarelo\/\" \/>\n<meta property=\"og:site_name\" content=\"Casinha da C\u00e9u\" \/>\n<meta property=\"article:publisher\" content=\"https:\/\/www.facebook.com\/casinhadaceu.pt\" \/>\n<meta property=\"article:modified_time\" content=\"2025-07-22T08:57:21+00:00\" \/>\n<meta name=\"twitter:card\" content=\"summary_large_image\" \/>\n<script type=\"application\/ld+json\" class=\"yoast-schema-graph\">{\"@context\":\"https:\\\/\\\/schema.org\",\"@graph\":[{\"@type\":\"WebPage\",\"@id\":\"https:\\\/\\\/casinhadaceu.pt\\\/accommodation\\\/quarto-amarelo\\\/\",\"url\":\"https:\\\/\\\/casinhadaceu.pt\\\/accommodation\\\/quarto-amarelo\\\/\",\"name\":\"Quarto Amarelo - Casinha da C\u00e9u\",\"isPartOf\":{\"@id\":\"https:\\\/\\\/casinhadaceu.pt\\\/#website\"},\"datePublished\":\"2025-07-18T17:25:48+00:00\",\"dateModified\":\"2025-07-22T08:57:21+00:00\",\"breadcrumb\":{\"@id\":\"https:\\\/\\\/casinhadaceu.pt\\\/accommodation\\\/quarto-amarelo\\\/#breadcrumb\"},\"inLanguage\":\"fr-FR\",\"potentialAction\":[{\"@type\":\"ReadAction\",\"target\":[\"https:\\\/\\\/casinhadaceu.pt\\\/accommodation\\\/quarto-amarelo\\\/\"]}]},{\"@type\":\"BreadcrumbList\",\"@id\":\"https:\\\/\\\/casinhadaceu.pt\\\/accommodation\\\/quarto-amarelo\\\/#breadcrumb\",\"itemListElement\":[{\"@type\":\"ListItem\",\"position\":1,\"name\":\"In\u00edcio\",\"item\":\"https:\\\/\\\/casinhadaceu.pt\\\/\"},{\"@type\":\"ListItem\",\"position\":2,\"name\":\"Tipos de Alojamento\",\"item\":\"https:\\\/\\\/casinhadaceu.pt\\\/accommodation\\\/\"},{\"@type\":\"ListItem\",\"position\":3,\"name\":\"Quarto Amarelo\"}]},{\"@type\":\"WebSite\",\"@id\":\"https:\\\/\\\/casinhadaceu.pt\\\/#website\",\"url\":\"https:\\\/\\\/casinhadaceu.pt\\\/\",\"name\":\"Casinha da C\u00e9u\",\"description\":\"Alojamento Local\",\"publisher\":{\"@id\":\"https:\\\/\\\/casinhadaceu.pt\\\/#organization\"},\"potentialAction\":[{\"@type\":\"SearchAction\",\"target\":{\"@type\":\"EntryPoint\",\"urlTemplate\":\"https:\\\/\\\/casinhadaceu.pt\\\/?s={search_term_string}\"},\"query-input\":{\"@type\":\"PropertyValueSpecification\",\"valueRequired\":true,\"valueName\":\"search_term_string\"}}],\"inLanguage\":\"fr-FR\"},{\"@type\":\"Organization\",\"@id\":\"https:\\\/\\\/casinhadaceu.pt\\\/#organization\",\"name\":\"Casinha da C\u00e9u\",\"url\":\"https:\\\/\\\/casinhadaceu.pt\\\/\",\"logo\":{\"@type\":\"ImageObject\",\"inLanguage\":\"fr-FR\",\"@id\":\"https:\\\/\\\/casinhadaceu.pt\\\/#\\\/schema\\\/logo\\\/image\\\/\",\"url\":\"https:\\\/\\\/casinhadaceu.pt\\\/wp-content\\\/uploads\\\/2025\\\/07\\\/Casinha-da-Ceu.svg\",\"contentUrl\":\"https:\\\/\\\/casinhadaceu.pt\\\/wp-content\\\/uploads\\\/2025\\\/07\\\/Casinha-da-Ceu.svg\",\"width\":1012,\"height\":625,\"caption\":\"Casinha da C\u00e9u\"},\"image\":{\"@id\":\"https:\\\/\\\/casinhadaceu.pt\\\/#\\\/schema\\\/logo\\\/image\\\/\"},\"sameAs\":[\"https:\\\/\\\/www.facebook.com\\\/casinhadaceu.pt\",\"https:\\\/\\\/www.instagram.com\\\/casinhadaceu.pt\"]}]}<\/script>\n<!-- \/ Yoast SEO plugin. -->","yoast_head_json":{"title":"Quarto Amarelo - Casinha da C\u00e9u","robots":{"index":"index","follow":"follow","max-snippet":"max-snippet:-1","max-image-preview":"max-image-preview:large","max-video-preview":"max-video-preview:-1"},"canonical":"https:\/\/casinhadaceu.pt\/fr\/accommodation\/quarto-amarelo\/","og_locale":"fr_FR","og_type":"article","og_title":"Quarto Amarelo - Casinha da C\u00e9u","og_description":"Capacidade M\u00e1xima: 2 H\u00f3spedes Casa de Banho: Privativa Vista: Panor\u00e2mica para a encosta sul da Serra da Estrela Ambiente: Calmo, familiar e imerso na natureza Tipo de entrada: Chave f\u00edsica","og_url":"https:\/\/casinhadaceu.pt\/fr\/accommodation\/quarto-amarelo\/","og_site_name":"Casinha da C\u00e9u","article_publisher":"https:\/\/www.facebook.com\/casinhadaceu.pt","article_modified_time":"2025-07-22T08:57:21+00:00","twitter_card":"summary_large_image","schema":{"@context":"https:\/\/schema.org","@graph":[{"@type":"WebPage","@id":"https:\/\/casinhadaceu.pt\/accommodation\/quarto-amarelo\/","url":"https:\/\/casinhadaceu.pt\/accommodation\/quarto-amarelo\/","name":"Quarto Amarelo - Casinha da C\u00e9u","isPartOf":{"@id":"https:\/\/casinhadaceu.pt\/#website"},"datePublished":"2025-07-18T17:25:48+00:00","dateModified":"2025-07-22T08:57:21+00:00","breadcrumb":{"@id":"https:\/\/casinhadaceu.pt\/accommodation\/quarto-amarelo\/#breadcrumb"},"inLanguage":"fr-FR","potentialAction":[{"@type":"ReadAction","target":["https:\/\/casinhadaceu.pt\/accommodation\/quarto-amarelo\/"]}]},{"@type":"BreadcrumbList","@id":"https:\/\/casinhadaceu.pt\/accommodation\/quarto-amarelo\/#breadcrumb","itemListElement":[{"@type":"ListItem","position":1,"name":"In\u00edcio","item":"https:\/\/casinhadaceu.pt\/"},{"@type":"ListItem","position":2,"name":"Tipos de Alojamento","item":"https:\/\/casinhadaceu.pt\/accommodation\/"},{"@type":"ListItem","position":3,"name":"Quarto Amarelo"}]},{"@type":"WebSite","@id":"https:\/\/casinhadaceu.pt\/#website","url":"https:\/\/casinhadaceu.pt\/","name":"Casinha da C\u00e9u","description":"Alojamento Local","publisher":{"@id":"https:\/\/casinhadaceu.pt\/#organization"},"potentialAction":[{"@type":"SearchAction","target":{"@type":"EntryPoint","urlTemplate":"https:\/\/casinhadaceu.pt\/?s={search_term_string}"},"query-input":{"@type":"PropertyValueSpecification","valueRequired":true,"valueName":"search_term_string"}}],"inLanguage":"fr-FR"},{"@type":"Organization","@id":"https:\/\/casinhadaceu.pt\/#organization","name":"Casinha da C\u00e9u","url":"https:\/\/casinhadaceu.pt\/","logo":{"@type":"ImageObject","inLanguage":"fr-FR","@id":"https:\/\/casinhadaceu.pt\/#\/schema\/logo\/image\/","url":"https:\/\/casinhadaceu.pt\/wp-content\/uploads\/2025\/07\/Casinha-da-Ceu.svg","contentUrl":"https:\/\/casinhadaceu.pt\/wp-content\/uploads\/2025\/07\/Casinha-da-Ceu.svg","width":1012,"height":625,"caption":"Casinha da C\u00e9u"},"image":{"@id":"https:\/\/casinhadaceu.pt\/#\/schema\/logo\/image\/"},"sameAs":["https:\/\/www.facebook.com\/casinhadaceu.pt","https:\/\/www.instagram.com\/casinhadaceu.pt"]}]}},"_links":{"self":[{"href":"https:\/\/casinhadaceu.pt\/fr\/wp-json\/wp\/v2\/mphb_room_type\/2025","targetHints":{"allow":["GET"]}}],"collection":[{"href":"https:\/\/casinhadaceu.pt\/fr\/wp-json\/wp\/v2\/mphb_room_type"}],"about":[{"href":"https:\/\/casinhadaceu.pt\/fr\/wp-json\/wp\/v2\/types\/mphb_room_type"}],"replies":[{"embeddable":true,"href":"https:\/\/casinhadaceu.pt\/fr\/wp-json\/wp\/v2\/comments?post=2025"}],"wp:attachment":[{"href":"https:\/\/casinhadaceu.pt\/fr\/wp-json\/wp\/v2\/media?parent=2025"}],"wp:term":[{"taxonomy":"mphb_room_type_category","embeddable":true,"href":"https:\/\/casinhadaceu.pt\/fr\/wp-json\/wp\/v2\/mphb_room_type_category?post=2025"},{"taxonomy":"mphb_room_type_tag","embeddable":true,"href":"https:\/\/casinhadaceu.pt\/fr\/wp-json\/wp\/v2\/mphb_room_type_tag?post=2025"},{"taxonomy":"mphb_room_type_facility","embeddable":true,"href":"https:\/\/casinhadaceu.pt\/fr\/wp-json\/wp\/v2\/mphb_room_type_facility?post=2025"}],"curies":[{"name":"wp","href":"https:\/\/api.w.org\/{rel}","templated":true}]}}

<div style="font-family: Poppins, sans-serif; font-size: 16px; line-height: 1.8; letter-spacing: 1px; color: #333; text-align: left;">
<ul style="list-style: none; padding-left: 0; margin-top: 15px;">
<li><strong style="font-family: hotel-resort;">Capacité maximale:</strong> 2 personnes</li>
<li><strong style="font-family: hotel-resort;">Salle de bain:</strong> Privative</li>
<li><strong style="font-family: hotel-resort;">Vue:</strong> Panoramique sur le versant sud de la Serra da Estrela</li>
<li><strong style="font-family: hotel-resort;">Ambiance:</strong> Calme, familiale et en pleine nature</li>
<li><strong style="font-family: hotel-resort;">Type d'entrée:</strong> Clé physique</li>
</ul>
</div>

<p>Capacidade Máxima: 2 Hóspedes Casa de Banho: Privativa Vista: Panorâmica para a encosta sul da Serra da Estrela Ambiente: Calmo, familiar e imerso na natureza Tipo de entrada: Chave física</p>

<!-- This site is optimized with the Yoast SEO plugin v27.4 - https://yoast.com/product/yoast-seo-wordpress/ -->
<title>Quarto Amarelo - Casinha da Céu</title>
<meta name="robots" content="index, follow, max-snippet:-1, max-image-preview:large, max-video-preview:-1" />
<link rel="canonical" href="https://casinhadaceu.pt/fr/accommodation/quarto-amarelo/" />
<meta property="og:locale" content="fr_FR" />
<meta property="og:type" content="article" />
<meta property="og:title" content="Quarto Amarelo - Casinha da Céu" />
<meta property="og:description" content="Capacidade Máxima: 2 Hóspedes Casa de Banho: Privativa Vista: Panorâmica para a encosta sul da Serra da Estrela Ambiente: Calmo, familiar e imerso na natureza Tipo de entrada: Chave física" />
<meta property="og:url" content="https://casinhadaceu.pt/fr/accommodation/quarto-amarelo/" />
<meta property="og:site_name" content="Casinha da Céu" />
<meta property="article:publisher" content="https://www.facebook.com/casinhadaceu.pt" />
<meta property="article:modified_time" content="2025-07-22T08:57:21+00:00" />
<meta name="twitter:card" content="summary_large_image" />
<script type="application/ld+json" class="yoast-schema-graph">{"@context":"https:\/\/schema.org","@graph":[{"@type":"WebPage","@id":"https:\/\/casinhadaceu.pt\/accommodation\/quarto-amarelo\/","url":"https:\/\/casinhadaceu.pt\/accommodation\/quarto-amarelo\/","name":"Quarto Amarelo - Casinha da Céu","isPartOf":{"@id":"https:\/\/casinhadaceu.pt\/#website"},"datePublished":"2025-07-18T17:25:48+00:00","dateModified":"2025-07-22T08:57:21+00:00","breadcrumb":{"@id":"https:\/\/casinhadaceu.pt\/accommodation\/quarto-amarelo\/#breadcrumb"},"inLanguage":"fr-FR","potentialAction":[{"@type":"ReadAction","target":["https:\/\/casinhadaceu.pt\/accommodation\/quarto-amarelo\/"]}]},{"@type":"BreadcrumbList","@id":"https:\/\/casinhadaceu.pt\/accommodation\/quarto-amarelo\/#breadcrumb","itemListElement":[{"@type":"ListItem","position":1,"name":"Início","item":"https:\/\/casinhadaceu.pt\/"},{"@type":"ListItem","position":2,"name":"Tipos de Alojamento","item":"https:\/\/casinhadaceu.pt\/accommodation\/"},{"@type":"ListItem","position":3,"name":"Quarto Amarelo"}]},{"@type":"WebSite","@id":"https:\/\/casinhadaceu.pt\/#website","url":"https:\/\/casinhadaceu.pt\/","name":"Casinha da Céu","description":"Alojamento Local","publisher":{"@id":"https:\/\/casinhadaceu.pt\/#organization"},"potentialAction":[{"@type":"SearchAction","target":{"@type":"EntryPoint","urlTemplate":"https:\/\/casinhadaceu.pt\/?s={search_term_string}"},"query-input":{"@type":"PropertyValueSpecification","valueRequired":true,"valueName":"search_term_string"}}],"inLanguage":"fr-FR"},{"@type":"Organization","@id":"https:\/\/casinhadaceu.pt\/#organization","name":"Casinha da Céu","url":"https:\/\/casinhadaceu.pt\/","logo":{"@type":"ImageObject","inLanguage":"fr-FR","@id":"https:\/\/casinhadaceu.pt\/#\/schema\/logo\/image\/","url":"https:\/\/casinhadaceu.pt\/wp-content\/uploads\/2025\/07\/Casinha-da-Ceu.svg","contentUrl":"https:\/\/casinhadaceu.pt\/wp-content\/uploads\/2025\/07\/Casinha-da-Ceu.svg","width":1012,"height":625,"caption":"Casinha da Céu"},"image":{"@id":"https:\/\/casinhadaceu.pt\/#\/schema\/logo\/image\/"},"sameAs":["https:\/\/www.facebook.com\/casinhadaceu.pt","https:\/\/www.instagram.com\/casinhadaceu.pt"]}]}</script>
<!-- / Yoast SEO plugin. -->

Quarto Amarelo - Casinha da Céu

Capacidade Máxima: 2 Hóspedes Casa de Banho: Privativa Vista: Panorâmica para a encosta sul da Serra da Estrela Ambiente: Calmo, familiar e imerso na natureza Tipo de entrada: Chave física

Casinha da Céu

Início
